{"id":3266,"date":"2024-02-07T00:54:36","date_gmt":"2024-02-07T03:54:36","guid":{"rendered":"https:\/\/grupocentrosur.cl\/?page_id=3266"},"modified":"2026-02-12T17:36:46","modified_gmt":"2026-02-12T20:36:46","slug":"hormigon-pulido","status":"publish","type":"page","link":"https:\/\/grupocentrosur.cl\/index.php\/hormigon-pulido\/","title":{"rendered":"Calles, Caminos y Senderos"},"content":{"rendered":"\t\t<div data-elementor-type=\"wp-page\" data-elementor-id=\"3266\" class=\"elementor elementor-3266\" data-elementor-post-type=\"page\">\n\t\t\t\t\t\t\t\t\t<section class=\"elementor-section elementor-top-section elementor-element elementor-element-dca586d elementor-section-boxed elementor-section-height-default elementor-section-height-default\" data-id=\"dca586d\" data-element_type=\"section\" data-settings=\"{&quot;background_background&quot;:&quot;classic&quot;}\">\n\t\t\t\t\t\t\t<div class=\"elementor-background-overlay\"><\/div>\n\t\t\t\t\t\t\t<div class=\"elementor-container elementor-column-gap-default\">\n\t\t\t\t\t<div class=\"elementor-column elementor-col-50 elementor-top-column elementor-element elementor-element-e9e5d0a\" data-id=\"e9e5d0a\" data-element_type=\"column\">\n\t\t\t<div class=\"elementor-widget-wrap elementor-element-populated\">\n\t\t\t\t\t\t\t\t<div class=\"elementor-element elementor-element-468c68e elementor-widget elementor-widget-page-title\" data-id=\"468c68e\" data-element_type=\"widget\" data-widget_type=\"page-title.default\">\n\t\t\t\t<div class=\"elementor-widget-container\">\n\t\t\t\t\t\n\t\t<div class=\"hfe-page-title hfe-page-title-wrapper elementor-widget-heading\">\n\n\t\t\t\t\t\t\t\t<h2 class=\"elementor-heading-title elementor-size-default\">\n\t\t\t\t\t\t\t\t\n\t\t\t\tCalles, Caminos y Senderos  \n\t\t\t<\/h2 > \n\t\t\t\t\t<\/div>\n\t\t\t\t<\/div>\n\t\t\t\t<\/div>\n\t\t\t\t\t<\/div>\n\t\t<\/div>\n\t\t\t\t<div class=\"elementor-column elementor-col-50 elementor-top-column elementor-element elementor-element-2abf3d0 elementor-hidden-tablet elementor-hidden-phone\" data-id=\"2abf3d0\" data-element_type=\"column\">\n\t\t\t<div class=\"elementor-widget-wrap\">\n\t\t\t\t\t\t\t\t\t<\/div>\n\t\t<\/div>\n\t\t\t\t\t\t\t<\/div>\n\t\t<\/section>\n\t\t\t\t<section class=\"elementor-section elementor-top-section elementor-element elementor-element-5ffc094 elementor-reverse-tablet elementor-reverse-mobile elementor-section-boxed elementor-section-height-default elementor-section-height-default\" data-id=\"5ffc094\" data-element_type=\"section\">\n\t\t\t\t\t\t<div class=\"elementor-container elementor-column-gap-default\">\n\t\t\t\t\t<div class=\"elementor-column elementor-col-50 elementor-top-column elementor-element elementor-element-0bf8010\" data-id=\"0bf8010\" data-element_type=\"column\">\n\t\t\t<div class=\"elementor-widget-wrap elementor-element-populated\">\n\t\t\t\t\t\t\t\t<div class=\"elementor-element elementor-element-6f80347 elementor-widget elementor-widget-heading\" data-id=\"6f80347\" data-element_type=\"widget\" data-widget_type=\"heading.default\">\n\t\t\t\t<div class=\"elementor-widget-container\">\n\t\t\t<h6 class=\"elementor-heading-title elementor-size-default\">PROYECTAMOS Y CONSTRUIMOS<\/h6>\t\t<\/div>\n\t\t\t\t<\/div>\n\t\t\t\t<div class=\"elementor-element elementor-element-e037430 elementor-widget elementor-widget-text-editor\" data-id=\"e037430\" data-element_type=\"widget\" data-widget_type=\"text-editor.default\">\n\t\t\t\t<div class=\"elementor-widget-container\">\n\t\t\t\t\t\t\t<p>La construcci\u00f3n de caminos es un proceso de ingenier\u00eda civil que consiste en la creaci\u00f3n o reconstrucci\u00f3n de v\u00edas de comunicaci\u00f3n terrestre para permitir el transporte seguro de personas y mercanc\u00edas. Este proceso abarca desde la planificaci\u00f3n inicial hasta la entrega final de la infraestructura. Nos acomodamos a las necesidades que cada cliente nos expone, buscando alcanzar la mejor oferta en precio y calidad para concretar cada proyecto y alcanzar la satisfacci\u00f3n en cada paso.<\/p>\t\t\t\t\t\t<\/div>\n\t\t\t\t<\/div>\n\t\t\t\t\t<\/div>\n\t\t<\/div>\n\t\t\t\t<div class=\"elementor-column elementor-col-50 elementor-top-column elementor-element elementor-element-452d6d9\" data-id=\"452d6d9\" data-element_type=\"column\">\n\t\t\t<div class=\"elementor-widget-wrap elementor-element-populated\">\n\t\t\t\t\t\t\t\t<div class=\"elementor-element elementor-element-ed11889 elementor-widget-laptop__width-initial elementor-widget elementor-widget-image\" data-id=\"ed11889\" data-element_type=\"widget\" data-widget_type=\"image.default\">\n\t\t\t\t<div class=\"elementor-widget-container\">\n\t\t\t\t\t\t\t\t\t\t\t\t\t\t\t<img fetchpriority=\"high\" decoding=\"async\" width=\"300\" height=\"533\" src=\"https:\/\/grupocentrosur.cl\/wp-content\/uploads\/2026\/02\/1de98084fe1150545990a9442b8631db.jpg\" class=\"attachment-2048x2048 size-2048x2048 wp-image-3656\" alt=\"\" srcset=\"https:\/\/grupocentrosur.cl\/wp-content\/uploads\/2026\/02\/1de98084fe1150545990a9442b8631db.jpg 300w, https:\/\/grupocentrosur.cl\/wp-content\/uploads\/2026\/02\/1de98084fe1150545990a9442b8631db-169x300.jpg 169w\" sizes=\"(max-width: 300px) 100vw, 300px\" \/>\t\t\t\t\t\t\t\t\t\t\t\t\t\t\t<\/div>\n\t\t\t\t<\/div>\n\t\t\t\t\t<\/div>\n\t\t<\/div>\n\t\t\t\t\t\t\t<\/div>\n\t\t<\/section>\n\t\t\t\t\t\t\t<\/div>\n\t\t","protected":false},"excerpt":{"rendered":"<p>Calles, Caminos y Senderos PROYECTAMOS Y CONSTRUIMOS La construcci\u00f3n de caminos es un proceso de ingenier\u00eda civil que consiste en la creaci\u00f3n o reconstrucci\u00f3n de v\u00edas de comunicaci\u00f3n terrestre para permitir el transporte seguro de personas y mercanc\u00edas. Este proceso abarca desde la planificaci\u00f3n inicial hasta la entrega final de la infraestructura. Nos acomodamos a [&hellip;]<\/p>\n","protected":false},"author":1,"featured_media":0,"parent":0,"menu_order":0,"comment_status":"closed","ping_status":"closed","template":"elementor_header_footer","meta":{"footnotes":""},"class_list":["post-3266","page","type-page","status-publish","hentry"],"_links":{"self":[{"href":"https:\/\/grupocentrosur.cl\/index.php\/wp-json\/wp\/v2\/pages\/3266","targetHints":{"allow":["GET"]}}],"collection":[{"href":"https:\/\/grupocentrosur.cl\/index.php\/wp-json\/wp\/v2\/pages"}],"about":[{"href":"https:\/\/grupocentrosur.cl\/index.php\/wp-json\/wp\/v2\/types\/page"}],"author":[{"embeddable":true,"href":"https:\/\/grupocentrosur.cl\/index.php\/wp-json\/wp\/v2\/users\/1"}],"replies":[{"embeddable":true,"href":"https:\/\/grupocentrosur.cl\/index.php\/wp-json\/wp\/v2\/comments?post=3266"}],"version-history":[{"count":21,"href":"https:\/\/grupocentrosur.cl\/index.php\/wp-json\/wp\/v2\/pages\/3266\/revisions"}],"predecessor-version":[{"id":3664,"href":"https:\/\/grupocentrosur.cl\/index.php\/wp-json\/wp\/v2\/pages\/3266\/revisions\/3664"}],"wp:attachment":[{"href":"https:\/\/grupocentrosur.cl\/index.php\/wp-json\/wp\/v2\/media?parent=3266"}],"curies":[{"name":"wp","href":"https:\/\/api.w.org\/{rel}","templated":true}]}}